{"id":1658,"date":"2018-10-16T14:09:14","date_gmt":"2018-10-16T17:09:14","guid":{"rendered":"http:\/\/www.dalconcontabilidade.cnt.br\/site\/?page_id=1658"},"modified":"2018-10-16T14:14:52","modified_gmt":"2018-10-16T17:14:52","slug":"blog","status":"publish","type":"page","link":"http:\/\/www.dalconcontabilidade.cnt.br\/site\/blog\/","title":{"rendered":"Blog"},"content":{"rendered":"<p>[vc_row][vc_column][vc_empty_space]\n\t\t\t<div class=\"blog-shortcode  blog-grid blog-four-columns\">\n\n\t\t\t\n\t\t\t\t        \t<article class=\"entry\">\n\t        \t\t<div class=\"entry-border\">\n\t\t\t\t\t\t<div class=\"featured-post\">\n\t\t\t\t\t\t\t<a href=\"http:\/\/www.dalconcontabilidade.cnt.br\/site\/2023\/02\/16\/2878\/\">\t\t\t\t\t\t\t\n\t\t\t\t\t\t\t\t\t\t\t\t\t\t\t<\/a>\n\t\t\t\t\t\t<\/div>\n\t\t\t\t\t\t<div class=\"content-post\">\n\t\t\t\t\t\t\t<h2><a href=\"http:\/\/www.dalconcontabilidade.cnt.br\/site\/2023\/02\/16\/2878\/\"><\/a><\/h2>\n\n\t\t\t\t\t\t\t<div class=\"entry-meta clearfix\">\n\t\t\t\t\t\t\t\t<span class=\"entry-date\">16<\/span>\n\t\t\t\t\t\t\t\t<span class=\"entry-month\">fev<\/span>\n\t\t\t\t\t\t\t<\/div><!-- .meta-post -->\n\t\t\t\t\t\t\t\n\t\t\t\t\t\t\t\t\t\t\t\t\t<\/div>\n\t\t\t\t\t<\/div>\n\t\t\t\t<\/article><!-- \/.entry -->\n\n\t\t\t\t        \t<article class=\"entry\">\n\t        \t\t<div class=\"entry-border\">\n\t\t\t\t\t\t<div class=\"featured-post\">\n\t\t\t\t\t\t\t<a href=\"http:\/\/www.dalconcontabilidade.cnt.br\/site\/2023\/01\/19\/despesas-com-home-office-nao-integram-calculo-da-contribuicao-ao-inss\/\">\t\t\t\t\t\t\t\n\t\t\t\t\t\t\t\t\t\t\t\t\t\t\t<\/a>\n\t\t\t\t\t\t<\/div>\n\t\t\t\t\t\t<div class=\"content-post\">\n\t\t\t\t\t\t\t<h2><a href=\"http:\/\/www.dalconcontabilidade.cnt.br\/site\/2023\/01\/19\/despesas-com-home-office-nao-integram-calculo-da-contribuicao-ao-inss\/\">DESPESAS COM HOME OFFICE N\u00c3O INTEGRAM C\u00c1LCULO DA CONTRIBUI\u00c7\u00c3O AO INSS<\/a><\/h2>\n\n\t\t\t\t\t\t\t<div class=\"entry-meta clearfix\">\n\t\t\t\t\t\t\t\t<span class=\"entry-date\">19<\/span>\n\t\t\t\t\t\t\t\t<span class=\"entry-month\">jan<\/span>\n\t\t\t\t\t\t\t<\/div><!-- .meta-post -->\n\t\t\t\t\t\t\t\n\t\t\t\t\t\t\t\t\t\t\t\t\t<\/div>\n\t\t\t\t\t<\/div>\n\t\t\t\t<\/article><!-- \/.entry -->\n\n\t\t\t\t        \t<article class=\"entry\">\n\t        \t\t<div class=\"entry-border\">\n\t\t\t\t\t\t<div class=\"featured-post\">\n\t\t\t\t\t\t\t<a href=\"http:\/\/www.dalconcontabilidade.cnt.br\/site\/2023\/01\/19\/cnpj-do-mei-nao-trara-mais-o-numero-do-cpf-do-empreendedor\/\">\t\t\t\t\t\t\t\n\t\t\t\t\t\t\t\t\t\t\t\t\t\t\t<\/a>\n\t\t\t\t\t\t<\/div>\n\t\t\t\t\t\t<div class=\"content-post\">\n\t\t\t\t\t\t\t<h2><a href=\"http:\/\/www.dalconcontabilidade.cnt.br\/site\/2023\/01\/19\/cnpj-do-mei-nao-trara-mais-o-numero-do-cpf-do-empreendedor\/\">CNPJ DO MEI N\u00c3O TRAR\u00c1 MAIS O N\u00daMERO DO CPF DO EMPREENDEDOR<\/a><\/h2>\n\n\t\t\t\t\t\t\t<div class=\"entry-meta clearfix\">\n\t\t\t\t\t\t\t\t<span class=\"entry-date\">19<\/span>\n\t\t\t\t\t\t\t\t<span class=\"entry-month\">jan<\/span>\n\t\t\t\t\t\t\t<\/div><!-- .meta-post -->\n\t\t\t\t\t\t\t\n\t\t\t\t\t\t\t\t\t\t\t\t\t<\/div>\n\t\t\t\t\t<\/div>\n\t\t\t\t<\/article><!-- \/.entry -->\n\n\t\t\t\t        \t<article class=\"entry\">\n\t        \t\t<div class=\"entry-border\">\n\t\t\t\t\t\t<div class=\"featured-post\">\n\t\t\t\t\t\t\t<a href=\"http:\/\/www.dalconcontabilidade.cnt.br\/site\/2023\/01\/13\/esclarecimentos-na-apuracao-de-creditos-de-pis-e-cofins-sobre-devolucoes\/\">\t\t\t\t\t\t\t\n\t\t\t\t\t\t\t\t\t\t\t\t\t\t\t<\/a>\n\t\t\t\t\t\t<\/div>\n\t\t\t\t\t\t<div class=\"content-post\">\n\t\t\t\t\t\t\t<h2><a href=\"http:\/\/www.dalconcontabilidade.cnt.br\/site\/2023\/01\/13\/esclarecimentos-na-apuracao-de-creditos-de-pis-e-cofins-sobre-devolucoes\/\">ESCLARECIMENTOS NA APURA\u00c7\u00c3O DE CR\u00c9DITOS DE PIS E COFINS SOBRE DEVOLU\u00c7\u00d5ES<\/a><\/h2>\n\n\t\t\t\t\t\t\t<div class=\"entry-meta clearfix\">\n\t\t\t\t\t\t\t\t<span class=\"entry-date\">13<\/span>\n\t\t\t\t\t\t\t\t<span class=\"entry-month\">jan<\/span>\n\t\t\t\t\t\t\t<\/div><!-- .meta-post -->\n\t\t\t\t\t\t\t\n\t\t\t\t\t\t\t\t\t\t\t\t\t<\/div>\n\t\t\t\t\t<\/div>\n\t\t\t\t<\/article><!-- \/.entry -->\n\n\t\t\t\t        \t<article class=\"entry\">\n\t        \t\t<div class=\"entry-border\">\n\t\t\t\t\t\t<div class=\"featured-post\">\n\t\t\t\t\t\t\t<a href=\"http:\/\/www.dalconcontabilidade.cnt.br\/site\/2023\/01\/13\/feriados-e-pontos-facultativos-para-o-ano-de-2023\/\">\t\t\t\t\t\t\t\n\t\t\t\t\t\t\t\t\t\t\t\t\t\t\t<\/a>\n\t\t\t\t\t\t<\/div>\n\t\t\t\t\t\t<div class=\"content-post\">\n\t\t\t\t\t\t\t<h2><a href=\"http:\/\/www.dalconcontabilidade.cnt.br\/site\/2023\/01\/13\/feriados-e-pontos-facultativos-para-o-ano-de-2023\/\">FERIADOS E PONTOS FACULTATIVOS PARA O ANO DE 2023<\/a><\/h2>\n\n\t\t\t\t\t\t\t<div class=\"entry-meta clearfix\">\n\t\t\t\t\t\t\t\t<span class=\"entry-date\">13<\/span>\n\t\t\t\t\t\t\t\t<span class=\"entry-month\">jan<\/span>\n\t\t\t\t\t\t\t<\/div><!-- .meta-post -->\n\t\t\t\t\t\t\t\n\t\t\t\t\t\t\t\t\t\t\t\t\t<\/div>\n\t\t\t\t\t<\/div>\n\t\t\t\t<\/article><!-- \/.entry -->\n\n\t\t\t\t        \t<article class=\"entry\">\n\t        \t\t<div class=\"entry-border\">\n\t\t\t\t\t\t<div class=\"featured-post\">\n\t\t\t\t\t\t\t<a href=\"http:\/\/www.dalconcontabilidade.cnt.br\/site\/2022\/12\/19\/cnpj-passa-por-processo-de-modernizacao\/\">\t\t\t\t\t\t\t\n\t\t\t\t\t\t\t\t\t\t\t\t\t\t\t<\/a>\n\t\t\t\t\t\t<\/div>\n\t\t\t\t\t\t<div class=\"content-post\">\n\t\t\t\t\t\t\t<h2><a href=\"http:\/\/www.dalconcontabilidade.cnt.br\/site\/2022\/12\/19\/cnpj-passa-por-processo-de-modernizacao\/\">CNPJ PASSA POR PROCESSO DE MODERNIZA\u00c7\u00c3O<\/a><\/h2>\n\n\t\t\t\t\t\t\t<div class=\"entry-meta clearfix\">\n\t\t\t\t\t\t\t\t<span class=\"entry-date\">19<\/span>\n\t\t\t\t\t\t\t\t<span class=\"entry-month\">dez<\/span>\n\t\t\t\t\t\t\t<\/div><!-- .meta-post -->\n\t\t\t\t\t\t\t\n\t\t\t\t\t\t\t\t\t\t\t\t\t<\/div>\n\t\t\t\t\t<\/div>\n\t\t\t\t<\/article><!-- \/.entry -->\n\n\t\t\t\t        \t<article class=\"entry\">\n\t        \t\t<div class=\"entry-border\">\n\t\t\t\t\t\t<div class=\"featured-post\">\n\t\t\t\t\t\t\t<a href=\"http:\/\/www.dalconcontabilidade.cnt.br\/site\/2022\/12\/19\/sociedade-em-conta-de-participacao-e-a-segregacao-da-apuracao-do-socio-ostensivo\/\">\t\t\t\t\t\t\t\n\t\t\t\t\t\t\t\t\t\t\t\t\t\t\t<\/a>\n\t\t\t\t\t\t<\/div>\n\t\t\t\t\t\t<div class=\"content-post\">\n\t\t\t\t\t\t\t<h2><a href=\"http:\/\/www.dalconcontabilidade.cnt.br\/site\/2022\/12\/19\/sociedade-em-conta-de-participacao-e-a-segregacao-da-apuracao-do-socio-ostensivo\/\">SOCIEDADE EM CONTA DE PARTICIPA\u00c7\u00c3O E A SEGREGA\u00c7\u00c3O DA APURA\u00c7\u00c3O DO S\u00d3CIO OSTENSIVO<\/a><\/h2>\n\n\t\t\t\t\t\t\t<div class=\"entry-meta clearfix\">\n\t\t\t\t\t\t\t\t<span class=\"entry-date\">19<\/span>\n\t\t\t\t\t\t\t\t<span class=\"entry-month\">dez<\/span>\n\t\t\t\t\t\t\t<\/div><!-- .meta-post -->\n\t\t\t\t\t\t\t\n\t\t\t\t\t\t\t\t\t\t\t\t\t<\/div>\n\t\t\t\t\t<\/div>\n\t\t\t\t<\/article><!-- \/.entry -->\n\n\t\t\t\t        \t<article class=\"entry\">\n\t        \t\t<div class=\"entry-border\">\n\t\t\t\t\t\t<div class=\"featured-post\">\n\t\t\t\t\t\t\t<a href=\"http:\/\/www.dalconcontabilidade.cnt.br\/site\/2022\/12\/19\/servicos-de-pintura-predial-anexo-iii-ou-anexo-iv\/\">\t\t\t\t\t\t\t\n\t\t\t\t\t\t\t\t\t\t\t\t\t\t\t<\/a>\n\t\t\t\t\t\t<\/div>\n\t\t\t\t\t\t<div class=\"content-post\">\n\t\t\t\t\t\t\t<h2><a href=\"http:\/\/www.dalconcontabilidade.cnt.br\/site\/2022\/12\/19\/servicos-de-pintura-predial-anexo-iii-ou-anexo-iv\/\">SERVI\u00c7OS DE PINTURA PREDIAL: ANEXO III OU ANEXO IV?<\/a><\/h2>\n\n\t\t\t\t\t\t\t<div class=\"entry-meta clearfix\">\n\t\t\t\t\t\t\t\t<span class=\"entry-date\">19<\/span>\n\t\t\t\t\t\t\t\t<span class=\"entry-month\">dez<\/span>\n\t\t\t\t\t\t\t<\/div><!-- .meta-post -->\n\t\t\t\t\t\t\t\n\t\t\t\t\t\t\t\t\t\t\t\t\t<\/div>\n\t\t\t\t\t<\/div>\n\t\t\t\t<\/article><!-- \/.entry -->\n\n\t\t\t\t        \t<article class=\"entry\">\n\t        \t\t<div class=\"entry-border\">\n\t\t\t\t\t\t<div class=\"featured-post\">\n\t\t\t\t\t\t\t<a href=\"http:\/\/www.dalconcontabilidade.cnt.br\/site\/2022\/12\/19\/atencao-transformacao-automatica-de-eireli-em-ltda-conforme-lei-14-195-2021\/\">\t\t\t\t\t\t\t\n\t\t\t\t\t\t\t\t\t\t\t\t\t\t\t<\/a>\n\t\t\t\t\t\t<\/div>\n\t\t\t\t\t\t<div class=\"content-post\">\n\t\t\t\t\t\t\t<h2><a href=\"http:\/\/www.dalconcontabilidade.cnt.br\/site\/2022\/12\/19\/atencao-transformacao-automatica-de-eireli-em-ltda-conforme-lei-14-195-2021\/\">ATEN\u00c7\u00c3O: TRANSFORMA\u00c7\u00c3O AUTOM\u00c1TICA DE EIRELI EM LTDA CONFORME LEI 14.195\/2021<\/a><\/h2>\n\n\t\t\t\t\t\t\t<div class=\"entry-meta clearfix\">\n\t\t\t\t\t\t\t\t<span class=\"entry-date\">19<\/span>\n\t\t\t\t\t\t\t\t<span class=\"entry-month\">dez<\/span>\n\t\t\t\t\t\t\t<\/div><!-- .meta-post -->\n\t\t\t\t\t\t\t\n\t\t\t\t\t\t\t\t\t\t\t\t\t<\/div>\n\t\t\t\t\t<\/div>\n\t\t\t\t<\/article><!-- \/.entry -->\n\n\t\t\t\t        \t<article class=\"entry\">\n\t        \t\t<div class=\"entry-border\">\n\t\t\t\t\t\t<div class=\"featured-post\">\n\t\t\t\t\t\t\t<a href=\"http:\/\/www.dalconcontabilidade.cnt.br\/site\/2022\/12\/19\/ret-posso-aplicar-sobre-as-vendas-de-unidades-imobiliarias-apos-a-conclusao-da-obra\/\">\t\t\t\t\t\t\t\n\t\t\t\t\t\t\t\t\t\t\t\t\t\t\t<\/a>\n\t\t\t\t\t\t<\/div>\n\t\t\t\t\t\t<div class=\"content-post\">\n\t\t\t\t\t\t\t<h2><a href=\"http:\/\/www.dalconcontabilidade.cnt.br\/site\/2022\/12\/19\/ret-posso-aplicar-sobre-as-vendas-de-unidades-imobiliarias-apos-a-conclusao-da-obra\/\">RET: POSSO APLICAR SOBRE AS VENDAS DE UNIDADES IMOBILI\u00c1RIAS AP\u00d3S A CONCLUS\u00c3O DA OBRA?<\/a><\/h2>\n\n\t\t\t\t\t\t\t<div class=\"entry-meta clearfix\">\n\t\t\t\t\t\t\t\t<span class=\"entry-date\">19<\/span>\n\t\t\t\t\t\t\t\t<span class=\"entry-month\">dez<\/span>\n\t\t\t\t\t\t\t<\/div><!-- .meta-post -->\n\t\t\t\t\t\t\t\n\t\t\t\t\t\t\t\t\t\t\t\t\t<\/div>\n\t\t\t\t\t<\/div>\n\t\t\t\t<\/article><!-- \/.entry -->\n\n\t\t\t\t        \t<article class=\"entry\">\n\t        \t\t<div class=\"entry-border\">\n\t\t\t\t\t\t<div class=\"featured-post\">\n\t\t\t\t\t\t\t<a href=\"http:\/\/www.dalconcontabilidade.cnt.br\/site\/2022\/12\/19\/irrf-rendimentos-do-trabalho-nao-assalariado-pagos-por-condominio-edilicio\/\">\t\t\t\t\t\t\t\n\t\t\t\t\t\t\t\t\t\t\t\t\t\t\t<\/a>\n\t\t\t\t\t\t<\/div>\n\t\t\t\t\t\t<div class=\"content-post\">\n\t\t\t\t\t\t\t<h2><a href=\"http:\/\/www.dalconcontabilidade.cnt.br\/site\/2022\/12\/19\/irrf-rendimentos-do-trabalho-nao-assalariado-pagos-por-condominio-edilicio\/\">IRRF: RENDIMENTOS DO TRABALHO N\u00c3O ASSALARIADO, PAGOS POR CONDOM\u00cdNIO EDIL\u00cdCIO<\/a><\/h2>\n\n\t\t\t\t\t\t\t<div class=\"entry-meta clearfix\">\n\t\t\t\t\t\t\t\t<span class=\"entry-date\">19<\/span>\n\t\t\t\t\t\t\t\t<span class=\"entry-month\">dez<\/span>\n\t\t\t\t\t\t\t<\/div><!-- .meta-post -->\n\t\t\t\t\t\t\t\n\t\t\t\t\t\t\t\t\t\t\t\t\t<\/div>\n\t\t\t\t\t<\/div>\n\t\t\t\t<\/article><!-- \/.entry -->\n\n\t\t\t\t        \t<article class=\"entry\">\n\t        \t\t<div class=\"entry-border\">\n\t\t\t\t\t\t<div class=\"featured-post\">\n\t\t\t\t\t\t\t<a href=\"http:\/\/www.dalconcontabilidade.cnt.br\/site\/2022\/12\/19\/fim-do-login-por-codigo-de-acesso-sera-realizado-por-fases-veja-o-que-muda-no-modulo-web-e-no-aplicativo-do-empregador-domestico\/\">\t\t\t\t\t\t\t\n\t\t\t\t\t\t\t\t\t\t\t\t\t\t\t<\/a>\n\t\t\t\t\t\t<\/div>\n\t\t\t\t\t\t<div class=\"content-post\">\n\t\t\t\t\t\t\t<h2><a href=\"http:\/\/www.dalconcontabilidade.cnt.br\/site\/2022\/12\/19\/fim-do-login-por-codigo-de-acesso-sera-realizado-por-fases-veja-o-que-muda-no-modulo-web-e-no-aplicativo-do-empregador-domestico\/\">FIM DO LOGIN POR C\u00d3DIGO DE ACESSO SER\u00c1 REALIZADO POR FASES. VEJA O QUE MUDA NO M\u00d3DULO WEB E NO APLICATIVO DO EMPREGADOR DOM\u00c9STICO!<\/a><\/h2>\n\n\t\t\t\t\t\t\t<div class=\"entry-meta clearfix\">\n\t\t\t\t\t\t\t\t<span class=\"entry-date\">19<\/span>\n\t\t\t\t\t\t\t\t<span class=\"entry-month\">dez<\/span>\n\t\t\t\t\t\t\t<\/div><!-- .meta-post -->\n\t\t\t\t\t\t\t\n\t\t\t\t\t\t\t\t\t\t\t\t\t<\/div>\n\t\t\t\t\t<\/div>\n\t\t\t\t<\/article><!-- \/.entry -->\n\n\t\t\t<\/div>\n\n\t<nav class=\"navigation  paging-navigation pager-numeric\" role=\"navigation\">\n\t\t<div class=\"pagination loop-pagination\">\n\t\t\t<span class=\"page-numbers current\">1<\/span>\n<a class=\"page-numbers\" href=\"http:\/\/www.dalconcontabilidade.cnt.br\/site\/wp-json\/wp\/v2\/pages\/1658\/page\/2\/\">2<\/a>\n<span class=\"page-numbers dots\">&hellip;<\/span>\n<a class=\"page-numbers\" href=\"http:\/\/www.dalconcontabilidade.cnt.br\/site\/wp-json\/wp\/v2\/pages\/1658\/page\/42\/\">42<\/a>\n<a class=\"next page-numbers\" href=\"http:\/\/www.dalconcontabilidade.cnt.br\/site\/wp-json\/wp\/v2\/pages\/1658\/page\/2\/\"><i class=\"fa fa-angle-right\"><\/i><\/a>\t\t<\/div>\n\t<\/nav>\n\n[\/vc_column][\/vc_row]<\/p>\n","protected":false},"excerpt":{"rendered":"<p>[vc_row][vc_column][vc_empty_space][\/vc_column][\/vc_row]<\/p>\n","protected":false},"author":1,"featured_media":0,"parent":0,"menu_order":0,"comment_status":"closed","ping_status":"closed","template":"tpl\/page_fullwidth.php","meta":[],"amp_enabled":false,"_links":{"self":[{"href":"http:\/\/www.dalconcontabilidade.cnt.br\/site\/wp-json\/wp\/v2\/pages\/1658"}],"collection":[{"href":"http:\/\/www.dalconcontabilidade.cnt.br\/site\/wp-json\/wp\/v2\/pages"}],"about":[{"href":"http:\/\/www.dalconcontabilidade.cnt.br\/site\/wp-json\/wp\/v2\/types\/page"}],"author":[{"embeddable":true,"href":"http:\/\/www.dalconcontabilidade.cnt.br\/site\/wp-json\/wp\/v2\/users\/1"}],"replies":[{"embeddable":true,"href":"http:\/\/www.dalconcontabilidade.cnt.br\/site\/wp-json\/wp\/v2\/comments?post=1658"}],"version-history":[{"count":5,"href":"http:\/\/www.dalconcontabilidade.cnt.br\/site\/wp-json\/wp\/v2\/pages\/1658\/revisions"}],"predecessor-version":[{"id":1669,"href":"http:\/\/www.dalconcontabilidade.cnt.br\/site\/wp-json\/wp\/v2\/pages\/1658\/revisions\/1669"}],"wp:attachment":[{"href":"http:\/\/www.dalconcontabilidade.cnt.br\/site\/wp-json\/wp\/v2\/media?parent=1658"}],"curies":[{"name":"wp","href":"https:\/\/api.w.org\/{rel}","templated":true}]}}